{"id":598,"date":"2025-06-19T14:00:28","date_gmt":"2025-06-19T12:00:28","guid":{"rendered":"https:\/\/myroute.cz\/?page_id=598"},"modified":"2025-06-19T14:00:29","modified_gmt":"2025-06-19T12:00:29","slug":"nastaveni-tlumicu","status":"publish","type":"page","link":"https:\/\/myroute.cz\/index.php\/nastaveni-tlumicu\/","title":{"rendered":"Nastaven\u00ed tlumi\u010d\u016f"},"content":{"rendered":"\n<p><strong>Nastaven\u00ed p\u0159edn\u00edch vidlic<\/strong><\/p>\n\n\n\n<figure class=\"wp-block-image size-full\"><img loading=\"lazy\" decoding=\"async\" width=\"894\" height=\"441\" src=\"https:\/\/myroute.cz\/wp-content\/uploads\/2025\/06\/FrontForkSpring.png\" alt=\"\" class=\"wp-image-605\" srcset=\"https:\/\/myroute.cz\/wp-content\/uploads\/2025\/06\/FrontForkSpring.png 894w, https:\/\/myroute.cz\/wp-content\/uploads\/2025\/06\/FrontForkSpring-300x148.png 300w, https:\/\/myroute.cz\/wp-content\/uploads\/2025\/06\/FrontForkSpring-768x379.png 768w\" sizes=\"auto, (max-width: 894px) 100vw, 894px\" \/><\/figure>\n\n\n\n<figure class=\"wp-block-image size-full\"><img loading=\"lazy\" decoding=\"async\" width=\"904\" height=\"624\" src=\"https:\/\/myroute.cz\/wp-content\/uploads\/2025\/06\/FrontForkCOMP.png\" alt=\"\" class=\"wp-image-604\" srcset=\"https:\/\/myroute.cz\/wp-content\/uploads\/2025\/06\/FrontForkCOMP.png 904w, https:\/\/myroute.cz\/wp-content\/uploads\/2025\/06\/FrontForkCOMP-300x207.png 300w, https:\/\/myroute.cz\/wp-content\/uploads\/2025\/06\/FrontForkCOMP-768x530.png 768w\" sizes=\"auto, (max-width: 904px) 100vw, 904px\" \/><\/figure>\n\n\n\n<figure class=\"wp-block-image size-full\"><img loading=\"lazy\" decoding=\"async\" width=\"897\" height=\"630\" src=\"https:\/\/myroute.cz\/wp-content\/uploads\/2025\/06\/FrontForkREB.png\" alt=\"\" class=\"wp-image-603\" srcset=\"https:\/\/myroute.cz\/wp-content\/uploads\/2025\/06\/FrontForkREB.png 897w, https:\/\/myroute.cz\/wp-content\/uploads\/2025\/06\/FrontForkREB-300x211.png 300w, https:\/\/myroute.cz\/wp-content\/uploads\/2025\/06\/FrontForkREB-768x539.png 768w\" sizes=\"auto, (max-width: 897px) 100vw, 897px\" \/><\/figure>\n\n\n\n<p><strong>Nastaven\u00ed zadn\u00edho tlumi\u010de<\/strong><\/p>\n\n\n\n<figure class=\"wp-block-image size-full\"><img loading=\"lazy\" decoding=\"async\" width=\"901\" height=\"491\" src=\"https:\/\/myroute.cz\/wp-content\/uploads\/2025\/06\/BackSusp-4.png\" alt=\"\" class=\"wp-image-600\" srcset=\"https:\/\/myroute.cz\/wp-content\/uploads\/2025\/06\/BackSusp-4.png 901w, https:\/\/myroute.cz\/wp-content\/uploads\/2025\/06\/BackSusp-4-300x163.png 300w, https:\/\/myroute.cz\/wp-content\/uploads\/2025\/06\/BackSusp-4-768x419.png 768w\" sizes=\"auto, (max-width: 901px) 100vw, 901px\" \/><\/figure>\n\n\n\n<figure class=\"wp-block-image size-full is-resized\"><img loading=\"lazy\" decoding=\"async\" width=\"901\" height=\"817\" src=\"https:\/\/myroute.cz\/wp-content\/uploads\/2025\/06\/BackSusp.png\" alt=\"\" class=\"wp-image-599\" style=\"width:901px;height:auto\" srcset=\"https:\/\/myroute.cz\/wp-content\/uploads\/2025\/06\/BackSusp.png 901w, https:\/\/myroute.cz\/wp-content\/uploads\/2025\/06\/BackSusp-300x272.png 300w, https:\/\/myroute.cz\/wp-content\/uploads\/2025\/06\/BackSusp-768x696.png 768w\" sizes=\"auto, (max-width: 901px) 100vw, 901px\" \/><\/figure>\n\n\n\n<figure class=\"wp-block-image size-full\"><img loading=\"lazy\" decoding=\"async\" width=\"904\" height=\"598\" src=\"https:\/\/myroute.cz\/wp-content\/uploads\/2025\/06\/BackSusp-2.png\" alt=\"\" class=\"wp-image-602\" srcset=\"https:\/\/myroute.cz\/wp-content\/uploads\/2025\/06\/BackSusp-2.png 904w, https:\/\/myroute.cz\/wp-content\/uploads\/2025\/06\/BackSusp-2-300x198.png 300w, https:\/\/myroute.cz\/wp-content\/uploads\/2025\/06\/BackSusp-2-768x508.png 768w\" sizes=\"auto, (max-width: 904px) 100vw, 904px\" \/><\/figure>\n\n\n\n<figure class=\"wp-block-image size-full\"><img loading=\"lazy\" decoding=\"async\" width=\"898\" height=\"629\" src=\"https:\/\/myroute.cz\/wp-content\/uploads\/2025\/06\/BackSusp-3.png\" alt=\"\" class=\"wp-image-601\" srcset=\"https:\/\/myroute.cz\/wp-content\/uploads\/2025\/06\/BackSusp-3.png 898w, https:\/\/myroute.cz\/wp-content\/uploads\/2025\/06\/BackSusp-3-300x210.png 300w, https:\/\/myroute.cz\/wp-content\/uploads\/2025\/06\/BackSusp-3-768x538.png 768w\" sizes=\"auto, (max-width: 898px) 100vw, 898px\" \/><\/figure>\n","protected":false},"excerpt":{"rendered":"<p>Nastaven\u00ed p\u0159edn\u00edch vidlic Nastaven\u00ed zadn\u00edho tlumi\u010de<\/p>\n","protected":false},"author":1,"featured_media":0,"parent":0,"menu_order":0,"comment_status":"closed","ping_status":"closed","template":"","meta":{"_uf_show_specific_survey":0,"_uf_disable_surveys":false,"footnotes":""},"class_list":["post-598","page","type-page","status-publish","hentry"],"_links":{"self":[{"href":"https:\/\/myroute.cz\/index.php\/wp-json\/wp\/v2\/pages\/598","targetHints":{"allow":["GET"]}}],"collection":[{"href":"https:\/\/myroute.cz\/index.php\/wp-json\/wp\/v2\/pages"}],"about":[{"href":"https:\/\/myroute.cz\/index.php\/wp-json\/wp\/v2\/types\/page"}],"author":[{"embeddable":true,"href":"https:\/\/myroute.cz\/index.php\/wp-json\/wp\/v2\/users\/1"}],"replies":[{"embeddable":true,"href":"https:\/\/myroute.cz\/index.php\/wp-json\/wp\/v2\/comments?post=598"}],"version-history":[{"count":1,"href":"https:\/\/myroute.cz\/index.php\/wp-json\/wp\/v2\/pages\/598\/revisions"}],"predecessor-version":[{"id":608,"href":"https:\/\/myroute.cz\/index.php\/wp-json\/wp\/v2\/pages\/598\/revisions\/608"}],"wp:attachment":[{"href":"https:\/\/myroute.cz\/index.php\/wp-json\/wp\/v2\/media?parent=598"}],"curies":[{"name":"wp","href":"https:\/\/api.w.org\/{rel}","templated":true}]}}