{"id":188,"date":"2020-08-12T09:42:44","date_gmt":"2020-08-12T07:42:44","guid":{"rendered":"http:\/\/myroute.cz\/?page_id=188"},"modified":"2021-08-27T10:22:57","modified_gmt":"2021-08-27T08:22:57","slug":"kratky-vandr-2020","status":"publish","type":"page","link":"https:\/\/myroute.cz\/index.php\/kratky-vandr-2020\/","title":{"rendered":"Kr\u00e1tk\u00fd vandr (2020)"},"content":{"rendered":"\n<p>Tak m\u00e1m po 3 m\u011bs\u00edc\u00edch zpracovan\u00e9 video z posledn\u00edho CoVID vandru po p\u0159ilehl\u00e9m okol\u00ed \ud83d\ude42<\/p>\n\n\n\n<p>Posledn\u00ed cesta s 1090R (v tuhle chv\u00edli je ji\u017e v s\u00edni b\u00fdval\u00fdch stroj\u016f)<\/p>\n\n\n\n<p>Video na <a rel=\"noreferrer noopener\" href=\"https:\/\/youtu.be\/-N5eWkPksnk\" target=\"_blank\">Youtube<\/a><\/p>\n\n\n\n<iframe loading=\"lazy\" src=\"https:\/\/www.google.com\/maps\/d\/embed?mid=1neR95k9-9IDVD9tPocjVkxR72JLq_rNS\" width=\"640\" height=\"480\"><\/iframe>\n\n\n\n<p><\/p>\n","protected":false},"excerpt":{"rendered":"<p>Tak m\u00e1m po 3 m\u011bs\u00edc\u00edch zpracovan\u00e9 video z posledn\u00edho CoVID vandru po p\u0159ilehl\u00e9m okol\u00ed \ud83d\ude42 Posledn\u00ed cesta s 1090R (v tuhle chv\u00edli je ji\u017e v s\u00edni b\u00fdval\u00fdch stroj\u016f) Video na Youtube<\/p>\n","protected":false},"author":1,"featured_media":0,"parent":0,"menu_order":0,"comment_status":"closed","ping_status":"closed","template":"","meta":{"_uf_show_specific_survey":0,"_uf_disable_surveys":false,"footnotes":""},"class_list":["post-188","page","type-page","status-publish","hentry"],"_links":{"self":[{"href":"https:\/\/myroute.cz\/index.php\/wp-json\/wp\/v2\/pages\/188","targetHints":{"allow":["GET"]}}],"collection":[{"href":"https:\/\/myroute.cz\/index.php\/wp-json\/wp\/v2\/pages"}],"about":[{"href":"https:\/\/myroute.cz\/index.php\/wp-json\/wp\/v2\/types\/page"}],"author":[{"embeddable":true,"href":"https:\/\/myroute.cz\/index.php\/wp-json\/wp\/v2\/users\/1"}],"replies":[{"embeddable":true,"href":"https:\/\/myroute.cz\/index.php\/wp-json\/wp\/v2\/comments?post=188"}],"version-history":[{"count":8,"href":"https:\/\/myroute.cz\/index.php\/wp-json\/wp\/v2\/pages\/188\/revisions"}],"predecessor-version":[{"id":406,"href":"https:\/\/myroute.cz\/index.php\/wp-json\/wp\/v2\/pages\/188\/revisions\/406"}],"wp:attachment":[{"href":"https:\/\/myroute.cz\/index.php\/wp-json\/wp\/v2\/media?parent=188"}],"curies":[{"name":"wp","href":"https:\/\/api.w.org\/{rel}","templated":true}]}}